y. Calculate the greatest common factor of 9 and u.
9
Let y be (0 + 1)/((-13)/(-390)). Let z = 24 - y. Let k = 7 + z. Calculate the highest common factor of k and 11.
1
Let n be 2/13 - 1216/(-208). What is the greatest common factor of 507 and n?
3
Let j = 0 - 0. Let o be (j + 2 - 1)*11. Let c = 83497 + -83442. Calculate the greatest common divisor of o and c.
11
Let y(m) = -55 + 68 + 25 - 5*m. Let p be y(4). Let b be 1*(2 - (-19 - -3)). Calculate the highest common divisor of p and b.
18
Let v be -38*(-2 + (7 - 2) - 7). Suppose 4*y + v = -0*y + 4*b, -2*y + 4*b = 68. Let m = y - -50. Calculate the highest common divisor of 88 and m.
8
Let s be 1 + (6 - ((-10)/(-2) - 1)). Let f be -3*(s/1 + (-4)/2). Let l(n) = n**2 - 5*n - 6. Let g be l(f). What is the greatest common divisor of g and 30?
6
Let t(w) = 16*w + 98. Let g be 1/(-2)*((-1260)/15)/(-7). Let v be t(g). Calculate the greatest common factor of 64 and v.
2
Let f = -3304 - -5324. Calculate the greatest common factor of f and 20.
20
Suppose -22*u + 4370 = 828. Calculate the greatest common factor of 874 and u.
23
Suppose -72*c + 6 = -78*c, y - 1837 = 4*c. Calculate the highest common divisor of y and 273.
39
Let q(i) = 7887*i**2 - 174*i - 337. Let b be q(-2). Calculate the highest common factor of 209 and b.
209
Suppose -4*i + 19973 + 4518 = -8725. What is the greatest common divisor of 12 and i?
12
Let t = 1005 + -998. Let k(o) = 2*o**3 - 16*o**2 - o + 10. Let b be k(8). What is the greatest common factor of b and t?
1
Let s(h) = 4*h**2 + 620*h + 664. Let q be s(-154). Let z = -52 - -172. Calculate the greatest common factor of z and q.
24
Let m(w) = -w**3 + 7*w**2 + 2*w + 2. Let u be m(7). Let p = 99 + -100. Let v(f) = -12*f - 8. Let n be v(p). Calculate the greatest common factor of n and u.
4
Let u = 22788 - 22629. Calculate the highest common divisor of 3392 and u.
53
Suppose 0 = -i - 9*m + 7*m + 123, -2*i - 2*m + 252 = 0. Let v = 381 - i. What is the greatest common divisor of 36 and v?
36
Suppose 108 - 3790 = 7*t. Let o = t - -590. Calculate the highest common factor of o and 352.
32
Suppose 16520 + 13606 = 18*l - 23712. What is the highest common factor of 3 and l?
3
Suppose -5*r + 59 = 4*o, 538*o - 534*o - 63 = -r. Calculate the highest common factor of 236 and o.
4
Let m(k) = -k**3 - 10*k**2 - 10*k + 17. Let n be m(-9). Let b = -267 - -657. Let x be (6/9 + -2)*b/(-4). What is the greatest common factor of n and x?
26
Suppose 100*d = 243785 + 232333 - 64818. Calculate the greatest common factor of 18 and d.
9
Let h(b) = -18*b - 33. Let z be h(-2). Suppose -3628 = -z*n + 2*x, -18*n + 17*n = -3*x - 1207. Calculate the greatest common factor of 110 and n.
110
Suppose -2*o + 2*v + 10062 = 5*v, 0 = -3*o + 3*v + 15123. Calculate the greatest common divisor of o and 69.
69
Suppose -d + 2 = -0. Let v be d + (-95)/(-15) + 8/(-6). Calculate the greatest common divisor of v and 154.
7
Suppose 12*w = 7*w. Suppose 3*i - 5*n - 1 + 26 = w, 2*i - 15 = -3*n. Let v be (-8)/36 - (i - (-569)/(-9)). Calculate the highest common divisor of 7 and v.
7
Suppose 4*q + 24*g - 28*g = 2264, -3*g = -4*q + 2268. Calculate the highest common factor of 30 and q.
30
Let l be (12708/(-126) - -17)*-7. Calculate the highest common divisor of 2 and l.
1
Suppose 0 = -7*a + 12 - 19. Let y be (0 + a)*(-360)/10. What is the greatest common divisor of 63 and y?
9
Let m = -75 + 253. Suppose 2*y - 107 = s, 3*y - 3*s + 5*s - m = 0. Calculate the greatest common factor of 64 and y.
8
Suppose 5*m = 4*k - 1, -3*m + 4*k = -k + 11. Suppose -2*q - m*q = q. Suppose -1032 = -3*y - 4*r, q*r = 3*r. Calculate the highest common divisor of 43 and y.
43
Let f be ((-20)/6)/((-6)/9). Let i = 5 + f. Let n be (11*6/(-15))/((-4)/i). Calculate the greatest common divisor of n and 11.
11
Suppose -296*m + 64179 = -110165. What is the greatest common divisor of m and 152?
19
Let q(o) be the second derivative of -11/6*o**3 + 0 - 1/3*o**4 + 3/2*o**2 - 6*o + 1/20*o**5. Let a be q(6). What is the highest common divisor of 81 and a?
9
Suppose 2430 = 94*i - 3586. What is the greatest common divisor of i and 72?
8
Suppose -5*s - 3 = 2. Let o be 10/(s - -2) - 4. Suppose 3*j - 7*j = -12. Calculate the greatest common divisor of j and o.
3
Let n = 5092 + -5062. What is the highest common divisor of n and 3585?
15
Let k = 3398 - 3251. Calculate the greatest common factor of 637 and k.
49
Let z = 920 - 899. What is the greatest common factor of 15540 and z?
21
Suppose -66*n + 278203 = 37*n. What is the highest common divisor of n and 219?
73
Suppose 30*w + 8*w - 8615 = -1965. Calculate the highest common factor of w and 475.
25
Suppose 0 = -45*v + 111*v + 75*v - 127464. Calculate the greatest common divisor of v and 160.
8
Suppose 0 = -7*z + 18*z. Suppose z = -3*x - 2*y + 1137, -15 = -4*y - y. What is the greatest common divisor of 13 and x?
13
Let c(r) be the third derivative of r**5/60 + 23*r**4/24 + 26*r**3/3 - 2*r**2. Let z be c(-21). What is the highest common divisor of 10 and z?
10
Suppose -3*t - 6*t = -2259. Let a = -151 + t. Let o be 4/6 + (-116)/(-6). What is the highest common factor of a and o?
20
Let z(l) = -144 + 142 - 7*l**3 + l + 20*l**3. Let p be z(2). What is the greatest common divisor of p and 260?
52
Let w(v) = -46*v + 165. Let q be w(-9). Suppose 162 = t - 2*j + 35, 0 = 5*t + 4*j - q. What is the highest common divisor of 85 and t?
17
Let t = 21 - 9. Suppose 0 = -2*a - 6, -5*u + 8*u - t = -3*a. Let d be (-1)/(-1 - ((-441)/66)/u). What is the highest common divisor of 154 and d?
22
Let w(l) = l**3 + 18*l**2 - 41*l - 16. Suppose 3*i = -4*o - 52, 2*o - 12 + 108 = -5*i. Let g be w(i). Calculate the greatest common divisor of 116 and g.
4
Let v(i) = 10*i**2 + 2*i + 1. Let a = 24 + 9. Let o = a - 31. Let j be v(o). Calculate the greatest common divisor of 225 and j.
45
Suppose 2*z + 4*d - 75 - 35 = 0, 5*d = 4*z - 233. Let x = z + -52. Let g be -3 + 26 + x/5. Calculate the highest common factor of 16 and g.
8
Let d = -152 - -374. Let z = -148 + d. Calculate the highest common factor of z and 296.
74
Let q be (6 + (-56)/20)/(34/255). Calculate the greatest common factor of q and 88.
8
Let w = 4065 + -3730. What is the greatest common factor of 871 and w?
67
Let m be -3 - (0 - (2 - -117)). Let d = m + -62. Calculate the highest common divisor of d and 18.
18
Suppose 1760 = -42*r + 2012. Calculate the greatest common divisor of r and 1623.
3
Let w(i) = 515*i + 11862. Let n be w(-6). Calculate the greatest common divisor of 136 and n.
68
Let m = -298 + 3405. Calculate the highest common divisor of m and 13.
13
Let v(t) = -t - 13. Let d be v(-3). Let j be (d/7)/(2/(-14)). Let i(n) = n**3 + 7*n**2 + 4*n + 10. Let q be i(-5). What is the highest common factor of q and j?
10
Let r be (16 + 4)*((-18)/306 - (-423)/255). Calculate the highest common factor of 32 and r.
32
Suppose -148*h + 6864 = -100*h. What is the greatest common factor of h and 836?
11
Suppose -13609 = -r + y, -3*r + 3722*y + 40802 = 3724*y. Calculate the greatest common divisor of 76 and r.
76
Let s be 20/(-24) - ((-1196)/24 + -14). What is the greatest common divisor of s and 2817?
9
Let n be 2 + -8 + 0/(-2). Let o(a) = 64 + 22*a - 27 - 15*a - 31 - 62*a. Let q be o(n). Calculate the greatest common divisor of q and 42.
42
Suppose 0 = 3*q + 3*c - 18, -3*q + 2*c - 15 = -8*q. Suppose 7 + 13 = 5*m, -4*y + 4 = -m. What is the highest common divisor of q and y?
1
Let v be 5 + -10 + 216/3. Suppose -v*t = -74*t + 294. Calculate the greatest common divisor of 21 and t.
21
Suppose -5*p + 139 = -26. Suppose -6*y = 9*y - 9570. Let m = 1001 - y. Calculate the highest common divisor of m and p.
33
Let n(h) = h**3 - 10*h**2 - 13*h - 30. Let m be n(12). Let b = 326 - m. What is the greatest common divisor of 32 and b?
32
Let n be (892/(-8) + 2)*-2. What is the greatest common factor of 949 and n?
73
Let c(p) = -9*p**2 - 617*p - 272. Let x be c(-68). What is the greatest common factor of 6477 and x?
17
Let s(h) = 2*h**2 - 1570*h + 29147. Let n be s(19). Let a(u) = -66*u**3 + u. Let j be a(-1). What is the greatest common divisor of j and n?
13
Let z = -19160 - -22181. Calculate the highest common divisor of 513 and z.
57
Let v(r) = 65*r**2 - 2*r + 23. Let l be v(0). Let d be (-2 + 23/4)*92. Calcul